ainder when 25 is divided by 10.
5
What is the remainder when 363 is divided by 92?
87
Calculate the remainder when 285 is divided by 271.
14
What is the remainder when 58 is divided by 53?
5
What is the remainder when 679 is divided by 34?
33
Calculate the remainder when 1004 is divided by 167.
2
What is the remainder when 925 is divided by 230?
5
Calculate the remainder when 2147 is divided by 52.
15
What is the remainder when 282 is divided by 53?
17
Calculate the remainder when 1190 is divided by 52.
46
Calculate the remainder when 1116 is divided by 556.
4
Calculate the remainder when 722 is divided by 203.
113
Calculate the remainder when 285 is divided by 5.
0
Calculate the remainder when 2988 is divided by 2976.
12
Calculate the remainder when 214 is divided by 12.
10
Calculate the remainder when 370 is divided by 29.
22
What is the remainder when 1339 is divided by 186?
37
Calculate the remainder when 1393 is divided by 2.
1
What is the remainder when 331 is divided by 155?
21
Calculate the remainder when 179 is divided by 4.
3
What is the remainder when 1982 is divided by 64?
62
What is the remainder when 1240 is divided by 14?
8
Calculate the remainder when 1414 is divided by 209.
160
Calculate the remainder when 185 is divided by 11.
9
Calculate the remainder when 2808 is divided by 146.
34
What is the remainder when 174 is divided by 88?
86
What is the remainder when 1155 is divided by 117?
102
What is the remainder when 54 is divided by 2?
0
Calculate the remainder when 269 is divided by 23.
16
What is the remainder when 1087 is divided by 68?
67
What is the remainder when 388 is divided by 19?
8
What is the remainder when 185 is divided by 94?
91
What is the remainder when 218 is divided by 16?
10
Calculate the remainder when 1806 is divided by 1792.
14
Calculate the remainder when 9140 is divided by 3045.
5
What is the remainder when 1202 is divided by 22?
14
Calculate the remainder when 1084 is divided by 153.
13
Calculate the remainder when 993 is divided by 71.
70
What is the remainder when 347 is divided by 59?
52
Calculate the remainder when 826 is divided by 69.
67
What is the remainder when 432 is divided by 31?
29
Calculate the remainder when 185 is divided by 123.
62
What is the remainder when 1420 is divided by 11?
1
What is the remainder when 1496 is divided by 40?
16
What is the remainder when 190 is divided by 36?
10
Calculate the remainder when 292 is divided by 50.
42
What is the remainder when 3630 is divided by 35?
25
Calculate the remainder when 6575 is divided by 26.
23
Calculate the remainder when 115 is divided by 107.
8
Calculate the remainder when 729 is divided by 61.
58
Calculate the remainder when 408 is divided by 105.
93
Calculate the remainder when 1224 is divided by 247.
236
Calculate the remainder when 1065 is divided by 89.
86
What is the remainder when 321 is divided by 73?
29
What is the remainder when 361 is divided by 26?
23
What is the remainder when 1636 is divided by 64?
36
What is the remainder when 18 is divided by 5?
3
Calculate the remainder when 2218 is divided by 732.
22
What is the remainder when 7218 is divided by 46?
42
What is the remainder when 300 is divided by 104?
92
What is the remainder when 270 is divided by 124?
22
What is the remainder when 702 is divided by 116?
6
Calculate the remainder when 769 is divided by 77.
76
Calculate the remainder when 305 is divided by 96.
17
Calculate the remainder when 375 is divided by 48.
39
Calculate the remainder when 1686 is divided by 78.
48
What is the remainder when 47 is divided by 14?
5
What is the remainder when 143 is divided by 107?
36
Calculate the remainder when 300 is divided by 95.
15
Calculate the remainder when 323 is divided by 47.
41
Calculate the remainder when 2046 is divided by 209.
165
Calculate the remainder when 127 is divided by 59.
9
Calculate the remainder when 532 is divided by 76.
0
Calculate the remainder when 8438 is divided by 18.
14
Calculate the remainder when 458 is divided by 14.
10
Calculate the remainder when 113 is divided by 23.
21
What is the remainder when 79 is divided by 33?
13
What is the remainder when 628 is divided by 108?
88
What is the remainder when 109 is divided by 20?
9
What is the remainder when 655 is divided by 18?
7
What is the remainder when 273 is divided by 130?
13
What is the remainder when 931 is divided by 131?
14
What is the remainder when 464 is divided by 31?
30
What is the remainder when 1715 is divided by 61?
7
Calculate the remainder when 3135 is divided by 98.
97
Calculate the remainder when 76 is divided by 3.
1
Calculate the remainder when 272 is divided by 14.
6
Calculate the remainder when 164 is divided by 15.
14
Calculate the remainder when 988 is divided by 485.
18
What is the remainder when 127 is divided by 25?
2
Calculate the remainder when 369 is divided by 94.
87
What is the remainder when 262 is divided by 102?
58
What is the remainder when 1392 is divided by 126?
6
What is the remainder when 565 is divided by 104?
45
Calculate the remainder when 333 is divided by 85.
78
What is the remainder when 368 is divided by 6?
2
What is the remainder when 254 is divided by 29?
22
Calculate the remainder when 461 is divided by 200.
61
What is the remainder when 111 is divided by 19?
16
What is the remainder when 95 is divided by 37?
21
What is the remainder when 3554 is divided by 26?
18
What is the remainder when 1483 is divided by 165?
163
Calculate the remainder when 158 is divided by 8.
6
Calculate the remainder when 871 is divided by 2.
1
Calculate the remainder when 1503 is divided by 62.
15
What is the remainder when 141 is divided by 8?
5
Calculate the remainder when 453 is divided by 62.
19
What is the remainder when 1366 is divided by 19?
17
What is the remainder when 340 is divided by 26?
2
What is the remainder when 250 is divided by 8?
2
What is the remainder when 158 is divided by 25?
8
What is the remainder when 694 is divided by 24?
22
What is the remainder when 67 is divided by 30?
7
Calculate the remainder when 271 is divided by 4.
3
What is the remainder when 1857 is divided by 281?
171
Calculate the remainder when 348 is divided by 164.
20
What is the remainder when 24270 is divided by 31?
28
What is the remainder when 1005 is divided by 112?
109
Calculate the remainder when 905 is divided by 225.
5
What is the remainder when 116 is divided by 73?
43
What is the remainder when 190 is divided by 32?
30
What is the remainder when 1543 is divided by 513?
4
What is the remainder when 285 is divided by 96?
93
What is the remainder when 606 is divided by 16?
14
What is the remainder when 202 is divided by 60?
22
Calculate the remainder when 755 is divided by 258.
239
Calculate the remainder when 3306 is divided by 332.
318
Calculate the remainder when 2046 is divided by 27.
21
What is the remainder when 8998 is divided by 1123?
14
What is the remainder when 389 is divided by 21?
11
What is the remainder when 699 is divided by 100?
99
Calculate the remainder when 289 is divided by 38.
23
Calculate the remainder when 1152 is divided by 7.
4
Calculate the remainder when 533 is divided by 89.
88
What is the remainder when 1671 is divided by 14?
5
Calculate the remainder when 33 is divided by 33.
0
What is the remainder when 1050 is divided by 25?
0
What is the remainder when 563 is divided by 56?
3
What is the remainder when 729 is divided by 10?
9
What is the remainder when 1838 is divided by 364?
18
What is the remainder when 3203 is divided by 354?
17
Calculate the remainder when 2164 is divided by 11.
8
What is the remainder when 355 is divided by 91?
82
What is the remainder when 1213 is divided by 81?
79
Calculate the remainder when 1554 is divided by 15.
9
What is the remainder when 3569 is divided by 6?
5
What is the remainder when 676 is divided by 6?
4
What is the remainder when 170 is divided by 18?
8
What is the remainder when 212 is divided by 32?
20
What is the remainder when 108 is divided by 52?
4
Calculate the remainder when 554 is divided by 15.
14
Calculate the remainder when 3964 is divided by 59.
11
What is the remainder when 55 is divided by 44?
11
Calculate the remainder when 547 is divided by 546.
1
What is the remainder when 